 1363106689 a composite number?
True
Is 2158178333 prime?
False
Is 154864351 prime?
False
Is 3778742222 prime?
False
Is 41022929026 a prime number?
False
Is 6928645565 prime?
False
Is 155647615369 prime?
True
Is 105510936043 prime?
False
Is 274981279 a prime number?
True
Is 7521371294 a prime number?
False
Is 603780893 prime?
False
Is 506610847 a composite number?
False
Is 37915857247 a prime number?
False
Is 683680499 prime?
False
Is 900975245 prime?
False
Is 90434051971 a composite number?
False
Is 4153385 prime?
False
Is 42633626093 prime?
True
Is 16362938357 prime?
False
Is 1070330897 composite?
True
Is 1305018577 a prime number?
True
Is 3626226761 prime?
False
Is 9772051313 a prime number?
False
Is 94270494291 prime?
False
Is 91847645063 composite?
False
Is 9767551379 a composite number?
False
Is 11056877549 a prime number?
True
Is 751982711 a prime number?
False
Is 105543958631 a prime number?
True
Is 20836071433 prime?
True
Is 31402803217 a prime number?
True
Is 13113601037 a composite number?
False
Is 247461563 a composite number?
True
Is 5597214173 prime?
False
Is 27316254991 prime?
False
Is 155260543 composite?
False
Is 4126986593 prime?
False
Is 10449708109 a prime number?
False
Is 348065591 a prime number?
False
Is 119439808013 composite?
True
Is 933510871 a prime number?
True
Is 61930529107 a prime number?
True
Is 571038371 a prime number?
True
Is 22993193759 prime?
True
Is 1373685623 a prime number?
False
Is 9756251749 a prime number?
True
Is 2019413614 a prime number?
False
Is 41528356759 prime?
True
Is 1548384011 prime?
False
Is 766281197 prime?
False
Is 394968647 composite?
True
Is 474949001 composite?
False
Is 743114289 a prime number?
False
Is 6657906767 prime?
True
Is 1087803901 composite?
False
Is 34232683 a prime number?
True
Is 10213732127 a prime number?
True
Is 20591430719 prime?
False
Is 1089137771 prime?
True
Is 223863373 a composite number?
False
Is 50053892503 composite?
False
Is 603352403 prime?
False
Is 2141287667 a composite number?
True
Is 45641885 a composite number?
True
Is 3461833069 a prime number?
False
Is 64315637 prime?
True
Is 126944229 prime?
False
Is 4457112817 prime?
True
Is 16795224811 prime?
True
Is 9766221211 composite?
True
Is 25861227459 prime?
False
Is 14671164457 composite?
False
Is 237988601 prime?
True
Is 347733857 a composite number?
False
Is 1422815851 prime?
True
Is 7586738771 a prime number?
True
Is 45022361467 a prime number?
False
Is 127059083 prime?
False
Is 1597887331 prime?
True
Is 2715133469 a composite number?
False
Is 1520040793 composite?
True
Is 1395123641 prime?
True
Is 29231662111 a prime number?
True
Is 2664158819 composite?
True
Is 1401468611 composite?
True
Is 290091419 composite?
True
Is 370739531 prime?
True
Is 2011033571 a prime number?
True
Is 1397223157 composite?
True
Is 40848387 composite?
True
Is 119371407 prime?
False
Is 858818309 a prime number?
False
Is 12399212069 composite?
False
Is 427050271 a prime number?
True
Is 15124589131 prime?
False
Is 641296363 prime?
True
Is 46534459 prime?
True
Is 105595463 prime?
True
Is 486740633 a composite number?
True
Is 10724102483 composite?
False
Is 8417111977 a composite number?
True
Is 121599904201 prime?
True
Is 7512097379 a composite number?
False
Is 24968652421 prime?
False
Is 34356869 prime?
False
Is 68124671453 composite?
False
Is 114218575007 prime?
False
Is 9344333051 a prime number?
True
Is 8688906209 a prime number?
True
Is 131208305801 a composite number?
True
Is 11895377983 a prime number?
True
Is 10649722217 a prime number?
False
Is 3043017521 a prime number?
True
Is 14531162311 a prime number?
False
Is 872507033 prime?
False
Is 1334823083 composite?
True
Is 14336473909 prime?
True
Is 4442688997 prime?
False
Is 12785556739 composite?
True
Is 1202643719 a composite number?
False
Is 341143877 a prime number?
False
Is 793519889 a prime number?
False
Is 300781237 a composite number?
True
Is 58074866237 prime?
True
Is 16843778767 a prime number?
False
Is 3994829467 a composite number?
True
Is 5422389653 a composite number?
True
Is 7421336963 a prime number?
True
Is 58103337889 prime?
False
Is 31984061803 a composite number?
True
Is 340648183 a composite number?
False
Is 1178003495 prime?
False
Is 182071723 a composite number?
True
Is 1450266127 composite?
True
Is 122420929 a prime number?
False
Is 8145098321 a prime number?
True
Is 939645787 prime?
True
Is 173952596737 a prime number?
True
Is 39180838639 a composite number?
False
Is 145157629061 composite?
False
Is 23451748237 a prime number?
True
Is 32981651827 a composite number?
False
Is 841597387 a prime number?
False
Is 191347999 a prime number?
False
Is 392111761 composite?
False
Is 70928891367 composite?
True
Is 432265217 a composite number?
False
Is 10375238966 composite?
True
Is 371533753 a composite number?
True
Is 3706853653 a composite number?
False
Is 28107638893 a composite number?
True
Is 243317435039 composite?
True
Is 115428562637 a composite number?
False
Is 29690381258 composite?
True
Is 2434515227 a prime number?
True
Is 13038367919 a composite number?
False
Is 16254734803 composite?
True
Is 11870524217 a prime number?
True
Is 644218423 a composite number?
True
Is 7405389997 a prime number?
True
Is 1123059311 prime?
False
Is 1275129521 prime?
True
Is 483059503 a composite number?
False
Is 27963976169 a prime number?
True
Is 23796084997 composite?
True
Is 2483502271 composite?
True
Is 1559704753 prime?
True
Is 2547009539 composite?
False
Is 3776296793 composite?
True
Is 3189751853 a prime number?
True
Is 1271886301 a composite number?
True
Is 3343087079 prime?
True
Is 98679125003 prime?
False
Is 62997379297 prime?
True
Is 418521031 composite?
False
Is 532521961 a prime number?
False
Is 4949125481 prime?
False
Is 1056755131 composite?
False
Is 19175542783 a composite number?
False
Is 27060542531 a composite number?
True
Is 7470753907 a prime number?
False
Is 175579903 composite?
True
Is 263613911 prime?
False
Is 895116869 a composite number?
False
Is 123929560581 a composite number?
True
Is 16108843 composite?
True
Is 2057377381 a prime number?
True
Is 3228376693 a composite number?
False
Is 70147181921 a prime number?
False
Is 36702846449 prime?
True
Is 39513145461 a prime number?
False
Is 21579790279 composite?
False
Is 1294611473 a composite number?
True
Is 194723480531 composite?
False
Is 43781359409 prime?
False
Is 3260945867 composite?
False
Is 8793394147 prime?
True
Is 297394529371 a prime number?
False
Is 3124103777 prime?
False
Is 52671472037 a prime number?
True
Is 6897738443 composite?
True
Is 5395000978 prime?
False
Is 3302481667 a composite number?
False
Is 2606505479 composite?
True
Is 4529870987 composite?
False
Is 22165206887 prime?
True
Is 36618854101 composite?
False
Is 1754468423 a composite number?
False
Is 64438323041 a composite number?
False
Is 379443877 a prime number?
True
Is 13644110191 prime?
True
Is 1582163339 composite?
False
Is 378855643 a composite number?
False
Is 7850617 composite?
True
Is 16462192583 a composite number?
False
Is 135773164391 a composite number?
False
Is 292849001 composite?
True
Is 4169647921 a prime number?
True
Is 328742837 a composite number?
False
Is 13757312213 prime?
False
Is 3125643713 prime?
True
Is 59111406607 a prime number?
False
Is 228199427 a prime number?
False
Is 16255665431 composite?
False
Is 746991209 a prime number?
False
Is 158950555 prime?
False
Is 1838145667 prime?
True
Is 103803331 a prime number?
False
Is 1175214457 a composite number?
True
Is 1051396831 a prime number?
True
Is 473819675767 prime?
True
Is 27214436083 a prime number?
False
Is 3942286393 prime?
True
Is 533600477 a prime number?
True
Is 13730527387 prime?
False
Is 16076835919 a prime number?
True
Is 5942875619 prime?
True
Is 1428440239 a prime number?
False
Is 11750141849 prime?
True
Is 58140821945 prime?
False
Is 71571550429 composite?
True
Is 760668319 a composite number?
False
Is 32341991837 composite?
False
Is 10997816846 prime?
False
Is 11251530761 a composite number?
False
Is 1127494343 a prime number?
True
Is 14364896713 composite?
True
Is 18371871871 a prime number?
True
Is 16068473609 a composite number?
False
Is 189431717 composite?
False
Is 2708610769 composite?
False
Is 323991667 a prime number